n divisor of d and h.
1
Let v = -584 - -704. Let m be (-1)/((-219)/72 - -3). What is the greatest common factor of v and m?
24
Suppose 3*n - 20 = 2*w, n - 3*w - 8 = 1. Suppose 0 = -n*u + 6 + 30. What is the greatest common factor of u and 6?
6
Let a(b) = -5*b - 23. Let f be a(-6). Suppose 2*p = 3*p + 4*r - 31, 3*r + 38 = p. Calculate the greatest common factor of p and f.
7
Suppose -5*m = 3*m - 440. Calculate the highest common divisor of 220 and m.
55
Suppose 13*w + 6*w + 76 = 0. Let t be (-3)/w - 10557/(-68). Calculate the greatest common factor of 12 and t.
12
Let b be ((-4)/6)/(-1)*6. Suppose 0 = -b*v - 1 + 5. Let k be (-56)/(-35) + 15/(-25). Calculate the greatest common divisor of v and k.
1
Let j(x) be the second derivative of -1/2*x**3 + 3/2*x**2 + 0 + 2*x + 5/12*x**4 - 1/20*x**5. Let z be j(4). Calculate the highest common divisor of 21 and z.
7
Let p be 2 + 12/6 - 81. Let z = 167 + p. Let f be ((-3)/2)/((-3)/20). What is the highest common factor of z and f?
10
Suppose 4*i + 0*a = -3*a + 19, -a = -5*i. Calculate the greatest common divisor of 2 and i.
1
Let v be (4/6)/1*420/8. Let s = 17 - 10. Calculate the highest common factor of v and s.
7
Let r = 180 + -141. Calculate the greatest common divisor of 351 and r.
39
Suppose -3*w - x = -6*x + 13, 0 = -w + 3*x - 11. Calculate the highest common factor of w and 10.
2
Let b be ((-4)/3)/((-26)/117). Let p = 13 + b. What is the greatest common factor of 19 and p?
19
Suppose -6 = -3*s + 12. What is the greatest common divisor of 24 and s?
6
Suppose -9*s - 3420 = -5*p - 10*s, -4*p + 2736 = -3*s. What is the highest common factor of 19 and p?
19
Let w(u) be the third derivative of -u**6/60 + 13*u**5/30 - u**4 + 7*u**3/3 - 16*u**2. Let a be w(12). What is the highest common divisor of a and 35?
7
Let z = -221 - -224. Calculate the greatest common divisor of 15 and z.
3
Let u = -589 + 673. Calculate the highest common divisor of u and 56.
28
Let z be ((-75)/2)/(4/(-8)). Suppose 0*p = 5*v + 3*p - 75, 0 = 5*v + p - z. Let a be (-33)/12*(248/(-4) - -2). Calculate the highest common factor of v and a.
15
Let n be (1 - -7)*(26 + 26). What is the highest common divisor of n and 13?
13
Let s(t) = t**3 - 9*t**2 + 17*t - 16. Let j be s(7). What is the greatest common divisor of j and 55?
5
Let t = 15 + -11. Let f = -26 - -26. Let g = f + 6. What is the greatest common divisor of t and g?
2
Let m = -850 - -942. Calculate the highest common factor of 69 and m.
23
Let i(f) = 5*f + 3. Let u(o) = o + 13. Let v be u(-9). Let r be i(v). Calculate the greatest common divisor of 69 and r.
23
Suppose -144*j - 32 = -148*j. Calculate the highest common factor of 8 and j.
8
Let g = 13 + -10. Suppose -2*r - 2*k = -0*r - 20, -r = 3*k - 20. Suppose 2*c - r = -g. What is the greatest common divisor of c and 9?
1
Suppose 5*d + 3*i = 104, 0 = -4*d + 2*i - 7*i + 91. Calculate the highest common divisor of 76 and d.
19
Let u be (8/6)/((-6)/(-9)). Let c = 255 - 249. What is the greatest common factor of c and u?
2
Let b = -2 - -6. Let h be 0*-1*(-2)/b. Suppose -2*q + 4*q - 18 = h. What is the highest common divisor of q and 72?
9
Let a be 12/(-22) - 480/(-33). Calculate the greatest common divisor of 938 and a.
14
Suppose 0 = -3*r + 5*y + 52 + 332, -y = -2*r + 249. Calculate the greatest common divisor of 656 and r.
41
Let g(p) = 2*p - 1. Let h be g(5). Let b be 3*(-1 + 66/h). Let t(s) = s**3 + 12*s**2 + 10*s + 8. Let o be t(-11). What is the highest common divisor of b and o?
19
Let v be (-8)/20 - (-9)/(135/426). Let a(x) = -x**3 + 9*x**2 - 9*x + 12. Let y be a(8). Calculate the highest common divisor of y and v.
4
Let v = -306 - -320. What is the highest common divisor of 182 and v?
14
Let b be ((1 - -1) + -20)/(-1). Let h = -21 + b. Let u(f) = -17*f + 5. Let q be u(h). Calculate the greatest common factor of 28 and q.
28
Suppose 22 + 17 = t + 2*x, 0 = -4*t + 5*x + 195. Calculate the greatest common divisor of t and 885.
15
Let q be 13/((4 - 5)/(-1 + -6)). Suppose 0 = -5*n + 4*z + 12, z = -2*n + 5*z. Let l be ((-6)/n - -2)*26. What is the highest common factor of q and l?
13
Let s = -619 + 670. What is the highest common divisor of s and 6?
3
Suppose w = 2*w - 10. Suppose -61 = -w*k + 49. What is the highest common divisor of k and 11?
11
Suppose -3*n + 8 + 4 = 0. Suppose 23 = n*u - 9. Let a = u - -1. Calculate the highest common divisor of a and 45.
9
Suppose 8*d - 101 = 35. Calculate the greatest common factor of d and 153.
17
Let u be (84 + -2 + -2)/1. Suppose -41 - 4 = -3*x. Suppose 2*i = 2*m + 73 - x, 125 = 4*i - m. What is the highest common divisor of i and u?
16
Suppose 4*h + 238 = 11*h. Calculate the highest common divisor of h and 51.
17
Let r(y) = 2*y - 1. Let h be r(2). Suppose 4*w = -h*s + 64, -6*s + 2*s = 2*w - 72. Calculate the greatest common divisor of 2 and s.
2
Let h(s) = -s**3 + 17*s**2 - 12*s + 12. Let o be h(16). Let p = -54 + o. Calculate the greatest common divisor of p and 154.
22
Suppose -19*y = 559 - 3067. Calculate the greatest common factor of y and 36.
12
Let o(m) = 251*m - 512. Let i be o(6). Calculate the greatest common divisor of 14 and i.
14
Let z(o) = 3*o. Let h be z(8). Let a = 78 - 42. Calculate the highest common factor of h and a.
12
Let z(x) = 5*x**3 - 56*x**2 + 17*x - 26. Let q be z(11). What is the greatest common divisor of q and 470?
10
Let l = -114 + 135. Calculate the highest common divisor of l and 56.
7
Let c = -90 + -412. Let d = -348 - c. What is the highest common factor of d and 14?
14
Suppose -5415 = -7*b + 955. Calculate the greatest common divisor of 195 and b.
65
Let n = 37 - -18. Let w(d) = -2*d**2 - d - 2. Let a be w(-2). Let m be 6/a + (-23)/(-4). Calculate the greatest common factor of m and n.
5
Let q be ((-12)/8 + 0)/(18/(-3276)). Calculate the greatest common divisor of q and 156.
39
Let d(m) = -24*m - 29. Let s be d(-6). Suppose 29*y = 34*y - s. Calculate the greatest common factor of 161 and y.
23
Suppose 328 = -5*h - 17. Let w = h + 41. Let k = 109 + w. Calculate the greatest common factor of k and 9.
9
Let u(i) be the third derivative of -i**5/60 + i**4/24 + 13*i**3/6 + 12*i**2. Let l be u(0). What is the greatest common divisor of l and 65?
13
Let q = -636 - -678. Calculate the greatest common factor of 483 and q.
21
Let w be -7 + 28 + 6/4*-2. Calculate the highest common factor of 72 and w.
18
Suppose -3*b - 7 = -2*m - 2, 2*b - 6 = -m. Suppose -4*j + w + 6 = -m*w, -4 = 2*w. Let a be 152*j*4/(-8). What is the greatest common divisor of a and 19?
19
Suppose 3*r - 77 = -4*r. Suppose -5 = r*f - 12*f. What is the greatest common divisor of f and 5?
5
Suppose -5*o - 383 = -8*o + j, 0 = -o - 4*j + 132. Calculate the greatest common divisor of o and 96.
32
Let l(c) = -27*c - 4. Let k be l(-3). Suppose -3*f + 5 = -28. Calculate the highest common divisor of k and f.
11
Suppose 220 = 47*f - 814. Calculate the greatest common factor of f and 187.
11
Suppose 6*a - 224 = -22*a. Suppose 3*p - 18 = -w, -4*w + 0*p = p - 28. Calculate the highest common divisor of w and a.
2
Let h(n) = -270 + 0*n + 273 - 3*n + n**3 - n. Let d be h(3). Suppose x = 4*c - 291, 5*c + 3*x - 214 = 137. Calculate the greatest common divisor of c and d.
18
Let y = 24 - 39. Let p = -4 + y. Let v = p - -30. Calculate the highest common divisor of v and 44.
11
Let b be 373 + (-4 - (-4 - -8)). Calculate the greatest common factor of 15 and b.
5
Let j(f) = 2*f + 94 - 19 - 6*f + 3*f. Let o be j(0). Let k be 1/((5/(-125))/(0 - 1)). What is the greatest common factor of k and o?
25
Let z(t) = -t**3 - t + 44. Let l be z(0). Suppose -4*h + 136 = -2*h + o, -252 = -4*h + 3*o. Calculate the highest common divisor of h and l.
22
Let p(x) = -3*x**2 - 69*x - 15. Let m be p(-21). Suppose 0*d - 2*d = -148. Calculate the greatest common factor of d and m.
37
Suppose 5*t - 6 = -2*d, t + 2*t = -3*d. Let o(x) = -6 + 6*x - 15 + t*x. Let s be o(15). Calculate the highest common divisor of s and 11.
11
Let i = 615 + -354. What is the greatest common divisor of i and 145?
29
Let r(z) = -6*z**3 - z**2 - z - 1. Let y be r(-1). Suppose -4*t = -6*p + 3*p, 15 = y*t. Suppose 7*k = p*k + 48. Calculate the highest common factor of k and 4.
4
Suppose 3*q - 4 = -10. Let u be (1/q)/(2/(-40)). Let z be (3 - 2)*4/2. What is the 